 351?
1
What is the hundreds digit of 11749?
7
What is the units digit of 1371?
1
What is the hundreds digit of 44922?
9
What is the thousands digit of 55559?
5
What is the units digit of 2797?
7
What is the hundreds digit of 3892?
8
What is the ten thousands digit of 114390?
1
What is the units digit of 6009?
9
What is the hundreds digit of 94923?
9
What is the hundreds digit of 4644?
6
What is the tens digit of 5705?
0
What is the tens digit of 4155?
5
What is the units digit of 734?
4
What is the tens digit of 7587?
8
What is the thousands digit of 9136?
9
What is the hundreds digit of 1511?
5
What is the thousands digit of 55514?
5
What is the hundreds digit of 4328?
3
What is the tens digit of 9810?
1
What is the tens digit of 57427?
2
What is the thousands digit of 40447?
0
What is the tens digit of 3020?
2
What is the ten thousands digit of 17586?
1
What is the units digit of 2875?
5
What is the tens digit of 13566?
6
What is the hundreds digit of 36100?
1
What is the thousands digit of 48169?
8
What is the hundreds digit of 1761?
7
What is the units digit of 770?
0
What is the hundreds digit of 3194?
1
What is the hundreds digit of 6316?
3
What is the thousands digit of 1321?
1
What is the units digit of 1231?
1
What is the units digit of 1557?
7
What is the tens digit of 338?
3
What is the thousands digit of 3014?
3
What is the hundreds digit of 6417?
4
What is the hundreds digit of 50309?
3
What is the hundreds digit of 834?
8
What is the units digit of 4295?
5
What is the tens digit of 511?
1
What is the units digit of 202?
2
What is the hundreds digit of 72652?
6
What is the tens digit of 5822?
2
What is the units digit of 6895?
5
What is the hundreds digit of 18461?
4
What is the hundreds digit of 2604?
6
What is the tens digit of 2029?
2
What is the hundreds digit of 3165?
1
What is the thousands digit of 9025?
9
What is the tens digit of 1671?
7
What is the thousands digit of 12682?
2
What is the hundreds digit of 440?
4
What is the units digit of 1323?
3
What is the units digit of 16491?
1
What is the units digit of 534?
4
What is the units digit of 74123?
3
What is the units digit of 18510?
0
What is the units digit of 605?
5
What is the ten thousands digit of 44929?
4
What is the thousands digit of 86859?
6
What is the tens digit of 23518?
1
What is the thousands digit of 2985?
2
What is the units digit of 475?
5
What is the tens digit of 109?
0
What is the hundred thousands digit of 116055?
1
What is the hundreds digit of 8429?
4
What is the thousands digit of 2195?
2
What is the hundreds digit of 2948?
9
What is the tens digit of 246?
4
What is the ten thousands digit of 35304?
3
What is the hundreds digit of 1109?
1
What is the tens digit of 33634?
3
What is the ten thousands digit of 172868?
7
What is the units digit of 11076?
6
What is the units digit of 11339?
9
What is the units digit of 5247?
7
What is the hundreds digit of 3081?
0
What is the tens digit of 4186?
8
What is the tens digit of 8047?
4
What is the hundreds digit of 611?
6
What is the units digit of 1336?
6
What is the thousands digit of 106152?
6
What is the hundreds digit of 14291?
2
What is the tens digit of 84975?
7
What is the hundreds digit of 488?
4
What is the units digit of 9813?
3
What is the tens digit of 42060?
6
What is the units digit of 14355?
5
What is the thousands digit of 70630?
0
What is the tens digit of 1855?
5
What is the hundreds digit of 2416?
4
What is the thousands digit of 103231?
3
What is the tens digit of 80?
8
What is the tens digit of 4078?
7
What is the units digit of 8875?
5
What is the tens digit of 14849?
4
What is the hundreds digit of 785?
7
What is the thousands digit of 135112?
5
What is the hundreds digit of 2071?
0
What is the hundreds digit of 9034?
0
What is the hundreds digit of 1217?
2
What is the tens digit of 2031?
3
What is the tens digit of 6406?
0
What is the tens digit of 13271?
7
What is the ten thousands digit of 10723?
1
What is the thousands digit of 1017?
1
What is the units digit of 361?
1
What is the units digit of 12605?
5
What is the units digit of 3738?
8
What is the tens digit of 27569?
6
What is the units digit of 6059?
9
What is the tens digit of 2698?
9
What is the thousands digit of 29060?
9
What is the hundreds digit of 8656?
6
What is the tens digit of 38368?
6
What is the hundreds digit of 18668?
6
What is the hundreds digit of 6884?
8
What is the units digit of 1172?
2
What is the tens digit of 1723?
2
What is the units digit of 1441?
1
What is the units digit of 26935?
5
What is the hundreds digit of 69946?
9
What is the hundreds digit of 578?
5
What is the hundreds digit of 4228?
2
What is the tens digit of 4052?
5
What is the hundreds digit of 53582?
5
What is the tens digit of 662?
6
What is the units digit of 12405?
5
What is the units digit of 511?
1
What is the tens digit of 296?
9
What is the thousands digit of 5558?
5
What is the thousands digit of 2990?
2
What is the units digit of 304?
4
What is the hundreds digit of 938?
9
What is the tens digit of 2732?
3
What is the thousands digit of 1364?
1
What is the tens digit of 7062?
6
What is the units digit of 1174?
4
What is the hundreds digit of 25524?
5
What is the hundreds digit of 4296?
2
What is the thousands digit of 11028?
1
What is the hundreds digit of 48644?
6
What is the tens digit of 29017?
1
What is the tens digit of 564?
6
What is the ten thousands digit of 35241?
3
What is the thousands digit of 2120?
2
What is the hundreds digit of 4229?
2
What is the units digit of 7407?
7
What is the units digit of 895?
5
What is the tens digit of 2946?
4
What is the units digit of 280?
0
What is the units digit of 19389?
9
What is the thousands digit of 2617?
2
What is the units digit of 17917?
7
What is the hundreds digit of 1663?
6
What is the ten thousands digit of 27330?
2
What is the hundreds digit of 826?
8
What is the units digit of 1529?
9
What is the units digit of 837?
7
What is the hundreds digit of 4704?
7
What is the ten thousands digit of 12385?
1
What is the units digit of 3743?
3
What is the ten thousands digit of 72105?
7
What is the tens digit of 77760?
6
What is the thousands digit of 109180?
9
What is the units digit of 11272?
2
What is the thousands digit of 73650?
3
What is the thousands digit of 26046?
6
What is the thousands digit of 1406?
1
What is the units digit of 1555?
5
What is the hundreds digit of 47477?
4
What is the units digit of 74116?
6
What is the ten thousands digit of 27407?
2
What is the tens digit of 79569?
6
What is the hundreds digit of 543?
5
What is the hundreds digit of 920?
9
What is the thousands digit of 74012?
4
What is the hundreds digit of 3814?
8
What is the hundreds digit of 36133?
1
What is the tens digit of 693?
9
What is the tens digit of 3157?
5
What is the units digit of 807?
7
What is the ten thousands digit of 14989?
1
What is the hundreds digit of 298?
2
What is the thousands digit of 61289?
1
What is the tens digit of 7700?
0
What is the units digit of 656?
6
What is the units digit of 26186?
6
What is the thousands digit of 4872?
4
What is the units digit of 2470?
0
What is the tens digit of 1362?
6
What is the tens digit of 4015?
1
What is the tens digit of 9716?
1
What is the units digit of 29068?
8
What is the tens digit of 1868?
6
What is the units digit of 1503?
3
What is the hundreds digit of 21957?
9
What is the hundreds digit of 17745?
7
What is the thousands digit of 36278?
6
What is the thousands digit of 19708?
9
What is the hundreds digit of 300?
3
What is the thousands digit of 2980?
2
What is the hundreds digit of 6701?
7
What is the hundreds digit of 93730?
7
What is the ten thousands digit of 41659?
4
What is the hundreds digit of 2311?
3
What is the hundreds digit of 644?
6
What is the tens digit of 399?
9
What is the tens digit of 3825?
2
What is the hundreds digit of 1068?
0
What is the thousands digit of 6705?
6
What is the tens digit of 955?
5
What is the tens digit of 4129?
2
What is the tens digit of 957?
5
What is the units digit of 35813?
3
What is the tens digit of 7880?
8
What is the units digit of 1835?
5
What is the thousands digit of 5457?
5
What is the units digit of 76539?
9
What is the units digit of 1843?
3
What is the ten t